{"id":46683,"date":"2022-10-06T16:33:56","date_gmt":"2022-10-06T19:33:56","guid":{"rendered":"https:\/\/www.gardelitomania.com\/?post_type=product&#038;p=46683"},"modified":"2025-12-31T00:24:41","modified_gmt":"2025-12-31T03:24:41","slug":"remera-los-gardelitos-argentinos-juniors","status":"publish","type":"product","link":"https:\/\/www.gardelitomania.com\/?product=remera-los-gardelitos-argentinos-juniors","title":{"rendered":"Remera Los Gardelitos ARGENTINOS JUNIORS"},"content":{"rendered":"<p>Remera Los Gardelitos Modelo ARGENTINOS\u00a0 JUNIORS<\/p>\n<p>Remera en algod\u00f3n con estampa en serigraf\u00eda.<\/p>\n<p>ENVIO DENTRO DE LOS 7 D\u00cdAS<\/p>\n<p>Si se selecciona la opci\u00f3n de abonar en efectivo en Rapipago, Pagofacil o servicios similares el pago debe realizarse dentro de la 48hs de emitido el cup\u00f3n.<\/p>\n<p>Medidas:<\/p>\n<p>Talle S:\u00a0 64cm de largo por 47cm de ancho<br \/>\nTalle M:\u00a0 66cm de largo por 50cm de ancho<br \/>\nTalle L:\u00a0 69cm de largo por 54cm de ancho<br \/>\nTalle XL:\u00a0 72cm de largo por 57cm de ancho<br \/>\nTalle XXL:\u00a0 75cm de largo por 61cm de ancho<\/p>\n<p>El largo se toma desde la etiqueta hasta la base.<br \/>\nEl ancho se toma de axila a axila.<\/p>\n<p>Las medidas pueden variar +\/- 2 cm.<\/p>\n<p>Te recomendamos midas una prenda que te quede bien para comparar los talles.<\/p>\n","protected":false},"excerpt":{"rendered":"<p>Remera Los Gardelitos Modelo ARGENTINOS\u00a0 JUNIORS Remera en algod\u00f3n con estampa en serigraf\u00eda. ENVIO DENTRO DE LOS 7 D\u00cdAS Si se selecciona la opci\u00f3n de abonar en efectivo en Rapipago, Pagofacil o servicios similares el pago debe realizarse dentro de la 48hs de emitido el cup\u00f3n. Medidas: Talle S:\u00a0 64cm de largo por 47cm de [&hellip;]<\/p>\n","protected":false},"featured_media":46693,"template":"","meta":[],"product_cat":[19],"product_tag":[],"_links":{"self":[{"href":"https:\/\/www.gardelitomania.com\/index.php?rest_route=\/wp\/v2\/product\/46683"}],"collection":[{"href":"https:\/\/www.gardelitomania.com\/index.php?rest_route=\/wp\/v2\/product"}],"about":[{"href":"https:\/\/www.gardelitomania.com\/index.php?rest_route=\/wp\/v2\/types\/product"}],"wp:featuredmedia":[{"embeddable":true,"href":"https:\/\/www.gardelitomania.com\/index.php?rest_route=\/wp\/v2\/media\/46693"}],"wp:attachment":[{"href":"https:\/\/www.gardelitomania.com\/index.php?rest_route=%2Fwp%2Fv2%2Fmedia&parent=46683"}],"wp:term":[{"taxonomy":"product_cat","embeddable":true,"href":"https:\/\/www.gardelitomania.com\/index.php?rest_route=%2Fwp%2Fv2%2Fproduct_cat&post=46683"},{"taxonomy":"product_tag","embeddable":true,"href":"https:\/\/www.gardelitomania.com\/index.php?rest_route=%2Fwp%2Fv2%2Fproduct_tag&post=46683"}],"curies":[{"name":"wp","href":"https:\/\/api.w.org\/{rel}","templated":true}]}}